q).
-4
Let y = 9 + -7. Let m(t) = -3*t + y*t + 6 + 0 + 0. Determine m(0).
6
Suppose 0 = 3*r + 2 - 11. Suppose 3*t + t - 8 = 0. Let c(p) = 3*p - 6*p + p**2 - t - 2. Calculate c(r).
-4
Let m(l) = -l. Suppose -5*f = 4*f - 18. Determine m(f).
-2
Let h(s) be the third derivative of -1/24*s**4 + 1/6*s**3 + 0*s + s**2 + 0. Determine h(4).
-3
Let k(d) = 6*d**2 - 2*d - 3*d**3 - 7 + 7*d + 4*d**3. Give k(-5).
-7
Let s(a) = 4*a**3 + 2*a**2 - 4*a - 4. Let q(x) = -x**3 - x**2 + x + 1. Let z(p) = -3*q(p) - s(p). Let l be (2/6)/(2/(-6)). Calculate z(l).
2
Let f = -89 - -91. Let d(n) = -n**3 - 3*n**2 + n. Calculate d(f).
-18
Let s(z) = -z**3 + 3. Let v(m) = m + 4. Let c(d) = -d - 1. Let y(q) = 2*c(q) + v(q). Let b be y(2). Calculate s(b).
3
Let w = -6 - -8. Let f be (8/10)/((-8)/(-20)). Let a(g) = 3*g**f + 2 - 2*g + 0 - 2*g. Give a(w).
6
Let n(k) = 3*k - 1. Let o = 11 + -9. Let a be (-1)/o + (-7)/(-2). Give n(a).
8
Let z(u) be the third derivative of -u**8/6720 - u**7/2520 - u**6/360 + u**5/60 - 2*u**2. Let m(l) be the third derivative of z(l). Give m(-2).
-10
Let g(r) = -8*r + 1. Let a(m) = -9*m + 2. Let x(t) = 6*a(t) - 7*g(t). Calculate x(-4).
-3
Let f(v) be the second derivative of -v**5/20 - 5*v**4/12 + 5*v**3/6 - 3*v**2 + 5*v. Determine f(-6).
0
Let w(c) = -c**2 - 4*c + 4. Let u be w(-4). Let s(b) = 0 - u + 0 - 2*b. Let i(k) = -k**3 - 7*k**2 - 8*k - 15. Let n be i(-6). Determine s(n).
2
Let z(h) be the second derivative of h**3/6 - 11*h**2/2 - h. Suppose 0 = -2*c - 3 - 1. Let s be -3 + 3 - (-7 - c). Calculate z(s).
-6
Let m(s) = -s + 7. Let k be ((-28)/6)/(22/33) - 1. Give m(k).
15
Let n(w) = -w**2 + 3*w. Let h be 2/4*(-6 + 10). What is n(h)?
2
Let d = -9 + 5. Let b(g) = 1. Let j(m) = -m. Let i(x) = 3*b(x) - j(x). Determine i(d).
-1
Suppose 2*a = 9 + 81. Suppose -5*m - a = -0*m. Let q be (m/12)/((-1)/(-4)). Let y(b) = b**2 - 4. What is y(q)?
5
Let l(x) = 0*x + 4*x**2 + 3 + x - 4*x. Let m(u) = -u**2 + u - 1. Let v(h) = l(h) + 5*m(h). Calculate v(4).
-10
Let o = -23 + 16. Let s be 1/1 - -2 - 0. Let k = o + s. Let l(q) = q - 2. What is l(k)?
-6
Suppose 9 = 4*v - 11. Let x(s) = -s - 1. Let r(b) = b**3 - 5*b**2 - 7*b + 7. Let y be r(6). Let o(c) = -6*c - 15. Let z(h) = y*o(h) - 9*x(h). Give z(v).
9
Let y(f) = -3*f**2 - 9 - 3*f + 1 + 2*f**2 + 7. Let o be 1*-2*(-6)/(-4). Calculate y(o).
-1
Suppose 3 = -4*f + f. Let k(o) = -o**3 - o**2 - o + 3. Let h be k(0). Let w(p) = -6 + p**2 + h*p**3 - 1 + 5 + 1. Give w(f).
-3
Let f(m) = -87*m + 86*m + 0 - 1. Determine f(7).
-8
Let i = 3 - 4. Let f = i + 2. Let j(p) = 9*p**3 - 6*p**2 + 6*p + 4. Let c(r) = -10*r**3 + 7*r**2 - 7*r - 5. Let w(x) = -5*c(x) - 6*j(x). Calculate w(f).
-3
Let s(v) = -v**3 - 2*v**2 + 2*v - 1. Let z(x) = x**2 + 7*x + 8. Let j be z(-6). Suppose -l + 1 = -c, -2*c + c + 2 = -j*l. Give s(l).
2
Let n(s) = 15 - s - 12 - s - 3*s**2. What is n(-3)?
-18
Let b(t) be the third derivative of t**5/30 - t**3/6 - t**2. Let w be (-1 - 2) + -13 + 14. What is b(w)?
7
Suppose -8*d = -4*d - 8. Let q(f) = 8*f + 2. Calculate q(d).
18
Let k(r) = -6*r**2 + r. Let a be k(1). Let n be 1 + -1 + -1 - a. Let w(j) = -1 - j + 8*j - 5*j. Calculate w(n).
7
Let r(j) = j**2 - 7*j - 3. Let p(b) = 2*b - 7. Let g be p(6). Let h be -4*(0 - g/4). Calculate r(h).
-13
Let z(b) = 7*b**2 - b + 1. Let r be z(1). Suppose -3*k = 1 - r. Let t(w) = 4 + 1 - 6*w**k + w + 3*w + w**3. Determine t(5).
0
Let g(f) = -f**2 + f - 4. Let d = -3 - -4. Let c be 0/((1 + -3)/d). Suppose c = -3*z + z. Give g(z).
-4
Let c(s) = -6 + 6*s**2 - s**3 + 2*s**3 + s - 7*s. Determine c(-7).
-13
Let m(t) = -t**3 - 3*t**2 - 4*t - 3. Let c be m(-2). Let p(l) be the first derivative of -l**3/3 - l**2/2 + l - 1. Determine p(c).
-1
Let b(q) = q**2 + 6*q + 4. Let p = 17 - 12. Suppose 5*z - r - 22 = -54, 4*z + p*r + 14 = 0. Determine b(z).
4
Suppose -2*g - 1 - 3 = -3*v, -3*g + 24 = 3*v. Let t(p) = -3 + p**3 - 1 + p - 6*p**2 + 2*p**2. What is t(v)?
0
Let g(d) = -d**2 - 2*d. Let y(x) = -x**2 - 3*x. Let u(p) = 7*g(p) - 6*y(p). Let n be (2 - 3)/(1 + -2). Let k be 3 - (2/(-2))/n. Determine u(k).
0
Let c(m) = -3 + 2 - m**3 + 5*m**3 + m - 3*m**3. What is c(1)?
1
Let s = -3 + -1. Let w(j) be the third derivative of -j**7/2520 - j**6/144 - j**5/30 - 3*j**4/8 - 6*j**2. Let n(x) be the second derivative of w(x). Give n(s).
0
Let d = 22 - 30. Let k(j) = j**3 + 9*j**2 + 9*j + 11. Determine k(d).
3
Let x(m) = 3. Let w(s) = s. Let d(z) = -4*w(z) - 2*x(z). Let o(q) = q**3 - 7*q**2 + 4*q + 8. Let a be o(6). What is d(a)?
10
Let j be ((-28)/10)/(1/(-5)). Suppose -5*c = -1 - j. Let d(r) = -12*r - 7. Let k(n) = 6*n + 3. Let z(m) = c*d(m) + 7*k(m). What is z(1)?
6
Let a(t) be the first derivative of -t**3/3 + t**2/2 - 3*t - 4. What is a(0)?
-3
Let l(s) = s**2 + 5*s - 6. Let w = 40 + -18. Suppose 2*v + w = 2*z + z, -28 = 4*v - 2*z. Give l(v).
-6
Let c(k) be the second derivative of k**4/12 + 7*k**3/3 - 7*k**2 + 24*k. Give c(-15).
1
Suppose -2 = 5*j - 12. Suppose j*m + 34 = 3*p, -2*m + 3*p = 2*p + 26. Let i = m + 15. Let k(s) = s - 9. What is k(i)?
-5
Let u be (34/4 - 6)*(-18)/(-5). Let d(a) = a - 12. Calculate d(u).
-3
Suppose -1 = -l - 4. Let u(y) = -y**3 - 2*y**2 + 2*y - 2. What is u(l)?
1
Suppose 5 + 1 = 2*w. Suppose -w*m = -7*m + 4. Suppose -2*f = -m + 3. Let s(n) = -5*n**3 - n**2. Give s(f).
4
Let q(c) = -6*c**3 - 2*c**2 + c. Let d be ((-4)/16)/(5/(-20)). Give q(d).
-7
Let u(t) be the second derivative of -7*t**3/6 + t**2/2 + 4*t. Determine u(-1).
8
Let k = 15 - 3. Suppose 2*b - k = -b. Suppose 0*a + 4*y = -3*a + 23, -b*a + y - 1 = 0. Let s(l) = l. Give s(a).
1
Let a(f) be the second derivative of f**4/12 - f**3 - 5*f**2/2 + 3*f. Let j be 10*2/8*10. Suppose -j = -3*t - 7. What is a(t)?
-5
Let z(q) be the second derivative of -q**3/6 + q**2 + q. Let f be 45/7 + (-21)/49. Suppose -5*n = 3*y - f*y - 25, -16 = 2*y - 3*n. What is z(y)?
7
Let t = 11 + -11. Let d be -1*(t - (-2 + -1)). Let x(a) = a + 2. Calculate x(d).
-1
Let j(m) = -93 + 34 + 30 - 2*m + 36. Let u be (4/(-3))/(4/(-18)). Give j(u).
-5
Let x(c) = -243*c**3 - 5*c - 2 - 3*c**2 + 244*c**3 + 3*c. Calculate x(4).
6
Let t be -2*(8 + -11 - 14/(-4)). Let l(h) = -6*h**3 + 2*h**2 + 2*h + 1. Calculate l(t).
7
Let k(f) = f**2 + 5*f + 2. Let g be (2/(-2) - -2)*-7. Let o = 4 + g. Calculate k(o).
-4
Let n(k) be the third derivative of k**4/24 - k**3/2 + k**2. Let g = -26 - -32. Determine n(g).
3
Let j(h) = 5*h**2 + 20*h - 20. Let o(g) = -5 - g + 2*g**2 + 6*g + g**2 - 2*g**2. Let y(k) = -2*j(k) + 9*o(k). Give y(5).
-5
Suppose -1 = h + 2. Let g(v) be the second derivative of -7*v**3/6 - v**2 - v. Let y(f) = f. Let u(l) = g(l) + 4*y(l). Calculate u(h).
7
Let n(w) = -1519*w + 1519*w - 8*w**2 + 1. Determine n(1).
-7
Let k be -10*(-2 + 27/6). Let r be ((-20)/k)/((-1)/5). Let s(n) = -2*n**2 - 6*n - 2. What is s(r)?
-10
Let w(b) = -12*b - 16. Let s(o) = -4*o - 5. Let r(g) = 11*s(g) - 4*w(g). Determine r(-6).
-15
Let c(l) be the third derivative of -l**4/24 - l**3 + 2*l**2. Determine c(6).
-12
Let a = -10 + 15. Let l(d) be the first derivative of d**4/4 - 4*d**3/3 - 3*d**2 + 7*d - 1. What is l(a)?
2
Let x = 11 + -9. Let c(p) = -x - 4*p + 2*p + 0. Suppose 2*u + u + 12 = 0. What is c(u)?
6
Suppose 28 - 10 = 2*v. Let j(y) = y**2 - 8*y - 9. Determine j(v).
0
Let c(r) = -12*r + 2. Let a(s) = -s**2 - 6*s - 7. Let l be a(-3). Give c(l).
-22
Let r(y) = -y - 21. Let v be r(-16). Let t(o) = o**2 + 6*o - 2. Give t(v).
-7
Let r(q) be the third derivative of q**6/60 + q**5/20 + q**4/12 + q**3/2 + 3*q**2 + 7*q. What is r(-2)?
-5
Let g(p) = -10*p + 4. Let i(s) = 9*s - 3. Let n(b) = -2*g(b) - 3*i(b). Calculate n(1).
-6
Suppose -3*o = 2*r + 12, -2*r = -o - 0 - 4. Suppose 0 = -2*y - 5*c + 11, r*y + c - 16 = -5*y. Let l(z) = -y + 5 + 7 - z + 1. Give l(5).
5
Let c(o) = -o - 5. Suppose -3*l + 68 = 4*x, 2*l + 2*l = -x + 82. Suppose -4*a - 20 = 2*q + 2*q, l = -4*a. Suppose q*b = b. Determine c(b).
-5
Let j(f) = f + 4. Let d be -1*(-3 + 15/3). Give j(d).
2
Let z(p) = p. Let d(v) be the second derivative of 5*v**3/3 - 2*v. Let w(u) = d(u) - 6*z(u). Let h be (-11)/(-9) + 6/(-27). What is w(h)?
4
Let f(d) = -5*d**3 + 2*d**2 - 4*d - 8. Let b(x) = -2*x**3 + x**2 - x - 3. Let c(o) = 8*b(o) - 3*f(o). Determine c(3).
3
Let m(z) = z**3 + 5*z**2 + 5*z + 3. Let p(v) = v**2 - v. Let i be p(-4).